{"id":6502,"date":"2020-01-04T15:38:51","date_gmt":"2020-01-04T13:38:51","guid":{"rendered":"https:\/\/spirituartiste.com\/ressources-7\/billets-philosophiques\/je-suis-une-orchidee\/"},"modified":"2020-06-01T16:17:48","modified_gmt":"2020-06-01T14:17:48","slug":"je-suis-une-orchidee","status":"publish","type":"page","link":"https:\/\/spirituartiste.com\/?page_id=6502","title":{"rendered":"Je suis une orchid\u00e9e, pas une rose"},"content":{"rendered":"\t\t<div data-elementor-type=\"wp-page\" data-elementor-id=\"6502\" class=\"elementor elementor-6502\">\n\t\t\t\t\t\t<section class=\"elementor-section elementor-top-section elementor-element elementor-element-71a9c10 elementor-section-boxed elementor-section-height-default elementor-section-height-default\" data-id=\"71a9c10\" data-element_type=\"section\" data-e-type=\"section\">\n\t\t\t\t\t\t<div class=\"elementor-container elementor-column-gap-default\">\n\t\t\t\t\t<div class=\"elementor-column elementor-col-100 elementor-top-column elementor-element elementor-element-4a2a2edb\" data-id=\"4a2a2edb\" data-element_type=\"column\" data-e-type=\"column\">\n\t\t\t<div class=\"elementor-widget-wrap elementor-element-populated\">\n\t\t\t\t\t\t<div class=\"elementor-element elementor-element-58208d27 elementor-widget elementor-widget-text-editor\" data-id=\"58208d27\" data-element_type=\"widget\" data-e-type=\"widget\" data-widget_type=\"text-editor.default\">\n\t\t\t\t<div class=\"elementor-widget-container\">\n\t\t\t\t\t\t\t\t\t<div class=\"art-content-layout\"><div class=\"art-content-layout-row\"><div class=\"art-layout-cell\" style=\"width: 100%;\">\u00a0<\/div><\/div><\/div><div class=\"art-content-layout\"><div class=\"art-content-layout-row\"><div class=\"art-layout-cell\" style=\"width: 100%;\"><h1><span style=\"color: #820e84;\">Je suis une orchid\u00e9e, pas une rose\u00a0!<\/span><\/h1><h4><span style=\"color: #820e84;\">(Je ne peux pas \u00eatre autre chose que ce que je suis d\u00e9j\u00e0.)<\/span><\/h4><\/div><\/div><\/div><div class=\"art-content-layout\"><div class=\"art-content-layout-row\"><div class=\"art-layout-cell\" style=\"width: 62%;\"><p><span style=\"font-family: 'Palatino Linotype';\">\u00c7a a \u00e9t\u00e9 la grande r\u00e9v\u00e9lation ce matin en regardant l&rsquo;orchid\u00e9e qui tr\u00f4ne<br \/>sur mon chevet.<\/span><br \/>Elle est magnifique cette orchid\u00e9e. Je l&rsquo;aime et l&rsquo;appr\u00e9cie pour sa beaut\u00e9<br \/>d&rsquo;orchid\u00e9e. Certain n&rsquo;aiment pas les orchid\u00e9es, ils pr\u00e9f\u00e8rent les roses.<br \/>Est-ce qu&rsquo;une rose est mieux qu&rsquo;une orchid\u00e9e\u00a0?<br \/>Elles sont d&rsquo;une esp\u00e8ce diff\u00e9rente m\u00eame si elles partagent leur nature de fleur&#8230;<br \/>Maintenant, dans l&rsquo;absolu, est-ce qu&rsquo;une esp\u00e8ce vaut plus qu&rsquo;une autre\u00a0? Qui peut r\u00e9pondre\u00a0?<\/p><p>Imaginez maintenant que cette magnifique orchid\u00e9e veuille devenir une rose\u00a0? Que de souffrances en perspective!<\/p><p>Oui mais les roses c&rsquo;est mieux\u00a0!<br \/>Dans notre soci\u00e9t\u00e9, \u00eatre une rose&#8230; c&rsquo;est mieux\u00a0!<br \/>Pourquoi?<\/p><\/div><div class=\"art-layout-cell\" style=\"width: 38%;\"><p style=\"text-align: center;\"><img fetchpriority=\"high\" decoding=\"async\" class=\"\" style=\"border-width: 0px;\" src=\"https:\/\/spirituartiste.com\/wp-content\/uploads\/2020\/01\/billionphotos-955208.jpg\" alt=\"\" width=\"199\" height=\"300\" \/><\/p><\/div><\/div><\/div><div class=\"art-content-layout\"><div class=\"art-content-layout-row\"><div class=\"art-layout-cell\" style=\"width: 100%;\"><p>Parce qu&rsquo;on pense avoir plus d&rsquo;admirateurs et donc recevoir plus d&rsquo;amour, de reconnaissance&#8230;<br \/>Donc notre magnifique orchid\u00e9e va employer tous les moyens possibles pour transformer qui elle est en ce qu&rsquo;elle croit qui sera bon pour elle, c&rsquo;est \u00e0 dire\u00a0: ce qui devrait lui permettre d&rsquo;\u00eatre heureuse.<\/p><p>Et l\u00e0 boum\u00a0! C&rsquo;est le drame\u00a0!<\/p><p>Parce qu&rsquo;elle va chercher toute sa vie le bonheur l\u00e0 o\u00f9 il n&rsquo;est pas fiable, permanent, \u00e9ternel et de qualit\u00e9 sup\u00e9rieure\u00a0!<br \/>Elle va chercher le bonheur chez les autres, ou plus pr\u00e9cis\u00e9ment, elle attend des autres qu&rsquo;ils la rendent heureuse par des compliments, de l&rsquo;amour, de la reconnaissance etc.<br \/>Ce qui est pire (!) car elle renvoie la responsabilit\u00e9 de son bonheur chez ses admirateurs.<br \/>Elle fait porter le poids de son bonheur chez autrui.<br \/>DONC, in\u00e9vitablement, elle fait aussi porter la responsabilit\u00e9 de son malheur&#8230; par les autres\u00a0!<\/p><p>Ce qui l&rsquo;am\u00e8ne \u00e0 changer d&rsquo;admirateurs (puisque ceux-l\u00e0 sont nuls et incapables de l&rsquo;aimer correctement) ou de transformer encore une fois son esp\u00e8ce&#8230;<br \/>Et si je devenais un lys\u00a0?! C&rsquo;est beau un lys\u00a0!! Les gens aiment bien les lys\u00a0?<\/p><p>Et si moi, Sandrine, je maigrissais un bon coup\u00a0?<br \/>Dans notre soci\u00e9t\u00e9, \u00eatre mince&#8230;c&rsquo;est mieux \u00a0!<br \/>Oui\u00a0! Et si je veux travailler dans la spiritualit\u00e9, c&rsquo;est mieux d&rsquo;avoir l&rsquo;air spirituel aussi\u00a0!<br \/>Je vois bien \u00e7a comme\u00a0: quelqu&rsquo;un de rayonnant ET MINCE, jamais fatigu\u00e9, toujours parfait, qui a toutes les r\u00e9ponses, qui a un look spirituel et sage etc, etc. (J&rsquo;en ai plein comme \u00e7a si je cherche bien&#8230;)<\/p><p>\u2026<\/p><p>J&rsquo;ai fait des ann\u00e9es de r\u00e9gime pour \u00eatre une rose&#8230;<br \/>J&rsquo;ai fait l&rsquo;impossible pour plaire aux autres. En tant que femme, que m\u00e8re, que fille, que prof, qu&rsquo;artiste etc.<\/p><p>Je n&rsquo;ai pas trouv\u00e9 le bonheur de cette fa\u00e7on.<\/p><p>Et ce matin j&rsquo;ai compris que c&rsquo;\u00e9tait parce que je suis une magnifique orchid\u00e9e\u00a0!<br \/>Je ne peux pas \u00eatre autre chose que ce que je suis d\u00e9j\u00e0.<br \/>Mais je peux habiter ce que je suis avec amour et en faire une orchid\u00e9e magnifique et non pas malheureuse et mis\u00e9reuse parce qu&rsquo;elle ne s&rsquo;autorise pas \u00e0 \u00eatre.<\/p><p>Je m&rsquo;autorise \u00e0 \u00eatre moi \u00e0 partir de maintenant.<\/p><p>C&rsquo;est qui moi\u00a0?<br \/>Bah en fait, j&rsquo;en sais rien\u00a0!<br \/>Comme j&rsquo;ai passs\u00e9 des ann\u00e9es \u00e0 \u00eatre une rose&#8230;<br \/>Mais pour \u00eatre honn\u00eate, cela fait quelques mois que je vois ce bourgeon d&rsquo;orchid\u00e9e \u00e9clore en moi et je le regarde, sans attentes, juste comme on attend un enfant \u00e0 sa naissance\u00a0:\u00a0avec tendresse.<br \/>Voici ce que j&rsquo;ai envie de lui dire&#8230;<\/p><p>Bonjour petite orchid\u00e9e,<br \/>Avant tout, bienvenue\u00a0!<br \/>Je n&rsquo;ai \u00e9t\u00e9 que ton r\u00e9ceptacle et je suis heureuse de te voir maintenant prendre vie et ta place dans cet Univers.<br \/>La seule attente que j&rsquo;aie sur toi est que tu trouves le bonheur en toi-m\u00eame.<br \/>La Source de l&rsquo;Amour a en r\u00e9alit\u00e9 une ligne directe ouverte sur toi en permanence, mais pour ressentir cela, tu as besoin de te connecter. Et pour obtenir cette connexion, tu as simplement besoin d&rsquo;\u00eatre profond\u00e9ment et pleinement toi-m\u00eame, dans la JOIE\u00a0!<br \/>Sois une orchid\u00e9e \u00e9panouie et tu trouveras l&rsquo;Amour\u00a0! Ensuite&#8230;C&rsquo;en sera la cons\u00e9quence naturelle.<br \/>Cela d\u00e9coulera de ton \u00e9tat int\u00e9rieur.<\/p><p>Autement dit pour Sandrine\u00a0?<\/p><p>Si je perds du poids parce que c&rsquo;est la r\u00e9sultante d&rsquo;une fa\u00e7on de vivre qui me convient et qui m&rsquo;apporte de la JOIE pour elle-m\u00eame (j&rsquo;ai chang\u00e9 de r\u00e9gime alimentaire il y a 2 mois et j&rsquo;ai d\u00e9couvert, par exemple, adorer manger des carottes crues en go\u00fbter, ce qui m&rsquo;aurait fait hurler de rire il y a 6 mois)&#8230; c&rsquo;est juste pour moi.<br \/>Je reste moi et je d\u00e9couvre ce qu&rsquo;aime une orchid\u00e9e et ce qui la rend heureuse (sans intervention d&rsquo;autrui!)<\/p><p>Si je veux perdre du poids pour&#8230; obtenir quelque chose (comme\u00a0 me sentir mieux dans mon corps, plaire davantage aux gar\u00e7ons, para\u00eetre spirituelle etc), je suis en train de vouloir transformer l&rsquo;orchid\u00e9e en rose et l\u00e0 je ne trouverai en r\u00e9alit\u00e9, ni le bonheur, ni l&rsquo;Amour\u00a0!<\/p><\/div><\/div><\/div><div class=\"art-content-layout\"><div class=\"art-content-layout-row\"><div class=\"art-layout-cell\" style=\"width: 50%;\"><p>En conclusion\u00a0: soyez heureux\/se de ce que vous \u00eates r\u00e9ellement,<br \/>c&rsquo;est l\u00e0 que vous trouverez le Bonheur le plus profond.<\/p><p>Sandrine L\u00e9ger<br \/>20 ao\u00fbt 2016<\/p><p>Si vous diffusez ce message, merci d&rsquo;avoir la gentillesse de donner votre source et les coordonn\u00e9es du site: <span style=\"color: #820e84;\">spirituartiste.com<\/span><\/p><\/div><div class=\"art-layout-cell\" style=\"width: 50%;\"><p><img decoding=\"async\" class=\"\" style=\"border-width: 0px;\" src=\"https:\/\/spirituartiste.com\/wp-content\/uploads\/2020\/01\/billionphotos-942136.png\" alt=\"\" width=\"459\" height=\"305\" \/><\/p><\/div><\/div><\/div><div class=\"art-content-layout\"><div class=\"art-content-layout-row\"><div class=\"art-layout-cell\" style=\"width: 100%;\"><h4>\u00a0<\/h4><\/div><\/div><\/div>\t\t\t\t\t\t\t\t<\/div>\n\t\t\t\t<\/div>\n\t\t\t\t\t<\/div>\n\t\t<\/div>\n\t\t\t\t\t<\/div>\n\t\t<\/section>\n\t\t\t\t<section class=\"elementor-section elementor-top-section elementor-element elementor-element-9cc51e7 elementor-section-boxed elementor-section-height-default elementor-section-height-default\" data-id=\"9cc51e7\" data-element_type=\"section\" data-e-type=\"section\">\n\t\t\t\t\t\t<div class=\"elementor-container elementor-column-gap-default\">\n\t\t\t\t\t<div class=\"elementor-column elementor-col-100 elementor-top-column elementor-element elementor-element-dacf7bc\" data-id=\"dacf7bc\" data-element_type=\"column\" data-e-type=\"column\">\n\t\t\t<div class=\"elementor-widget-wrap elementor-element-populated\">\n\t\t\t\t\t\t<div class=\"elementor-element elementor-element-8dfead4 elementor-widget elementor-widget-text-editor\" data-id=\"8dfead4\" data-element_type=\"widget\" data-e-type=\"widget\" data-widget_type=\"text-editor.default\">\n\t\t\t\t<div class=\"elementor-widget-container\">\n\t\t\t\t\t\t\t\t\t<p><a href=\"https:\/\/spirituartiste.com\/?page_id=6501\"><span style=\"color: #800080;\">Retour billets philosophiques<\/span><\/a><\/p>\t\t\t\t\t\t\t\t<\/div>\n\t\t\t\t<\/div>\n\t\t\t\t\t<\/div>\n\t\t<\/div>\n\t\t\t\t\t<\/div>\n\t\t<\/section>\n\t\t\t\t<section class=\"elementor-section elementor-top-section elementor-element elementor-element-fc41ba9 elementor-section-boxed elementor-section-height-default elementor-section-height-default\" data-id=\"fc41ba9\" data-element_type=\"section\" data-e-type=\"section\">\n\t\t\t\t\t\t<div class=\"elementor-container elementor-column-gap-default\">\n\t\t\t\t\t<div class=\"elementor-column elementor-col-100 elementor-top-column elementor-element elementor-element-3a558c7\" data-id=\"3a558c7\" data-element_type=\"column\" data-e-type=\"column\">\n\t\t\t<div class=\"elementor-widget-wrap elementor-element-populated\">\n\t\t\t\t\t\t<div class=\"elementor-element elementor-element-3f56048 elementor-widget elementor-widget-button\" data-id=\"3f56048\" data-element_type=\"widget\" data-e-type=\"widget\" data-widget_type=\"button.default\">\n\t\t\t\t<div class=\"elementor-widget-container\">\n\t\t\t\t\t\t\t\t\t<div class=\"elementor-button-wrapper\">\n\t\t\t\t\t<a class=\"elementor-button elementor-button-link elementor-size-sm\" href=\"https:\/\/spirituartiste.com\/?page_id=6495\">\n\t\t\t\t\t\t<span class=\"elementor-button-content-wrapper\">\n\t\t\t\t\t\t\t\t\t<span class=\"elementor-button-text\">Ressources<\/span>\n\t\t\t\t\t<\/span>\n\t\t\t\t\t<\/a>\n\t\t\t\t<\/div>\n\t\t\t\t\t\t\t\t<\/div>\n\t\t\t\t<\/div>\n\t\t\t\t\t<\/div>\n\t\t<\/div>\n\t\t\t\t\t<\/div>\n\t\t<\/section>\n\t\t\t\t<\/div>\n\t\t","protected":false},"excerpt":{"rendered":"<p>\u00a0 Je suis une orchid\u00e9e, pas une rose\u00a0! (Je ne peux pas \u00eatre autre chose que ce que je suis d\u00e9j\u00e0.) \u00c7a a \u00e9t\u00e9 la grande r\u00e9v\u00e9lation ce matin en regardant l&rsquo;orchid\u00e9e qui tr\u00f4nesur mon chevet.Elle est magnifique cette orchid\u00e9e. Je l&rsquo;aime et l&rsquo;appr\u00e9cie pour sa beaut\u00e9d&rsquo;orchid\u00e9e. Certain n&rsquo;aiment pas les orchid\u00e9es, ils pr\u00e9f\u00e8rent les [&hellip;]<\/p>\n","protected":false},"author":1,"featured_media":0,"parent":6501,"menu_order":76,"comment_status":"closed","ping_status":"closed","template":"","meta":{"site-sidebar-layout":"default","site-content-layout":"","ast-site-content-layout":"default","site-content-style":"default","site-sidebar-style":"default","ast-global-header-display":"","ast-banner-title-visibility":"","ast-main-header-display":"","ast-hfb-above-header-display":"","ast-hfb-below-header-display":"","ast-hfb-mobile-header-display":"","site-post-title":"","ast-breadcrumbs-content":"","ast-featured-img":"","footer-sml-layout":"","ast-disable-related-posts":"","theme-transparent-header-meta":"","adv-header-id-meta":"","stick-header-meta":"","header-above-stick-meta":"","header-main-stick-meta":"","header-below-stick-meta":"","astra-migrate-meta-layouts":"default","ast-page-background-enabled":"default","ast-page-background-meta":{"desktop":{"background-color":"","background-image":"","background-repeat":"repeat","background-position":"center center","background-size":"auto","background-attachment":"scroll","background-type":"","background-media":"","overlay-type":"","overlay-color":"","overlay-opacity":"","overlay-gradient":""},"tablet":{"background-color":"","background-image":"","background-repeat":"repeat","background-position":"center center","background-size":"auto","background-attachment":"scroll","background-type":"","background-media":"","overlay-type":"","overlay-color":"","overlay-opacity":"","overlay-gradient":""},"mobile":{"background-color":"","background-image":"","background-repeat":"repeat","background-position":"center center","background-size":"auto","background-attachment":"scroll","background-type":"","background-media":"","overlay-type":"","overlay-color":"","overlay-opacity":"","overlay-gradient":""}},"ast-content-background-meta":{"desktop":{"background-color":"var(--ast-global-color-5)","background-image":"","background-repeat":"repeat","background-position":"center center","background-size":"auto","background-attachment":"scroll","background-type":"","background-media":"","overlay-type":"","overlay-color":"","overlay-opacity":"","overlay-gradient":""},"tablet":{"background-color":"var(--ast-global-color-5)","background-image":"","background-repeat":"repeat","background-position":"center center","background-size":"auto","background-attachment":"scroll","background-type":"","background-media":"","overlay-type":"","overlay-color":"","overlay-opacity":"","overlay-gradient":""},"mobile":{"background-color":"var(--ast-global-color-5)","background-image":"","background-repeat":"repeat","background-position":"center center","background-size":"auto","background-attachment":"scroll","background-type":"","background-media":"","overlay-type":"","overlay-color":"","overlay-opacity":"","overlay-gradient":""}},"footnotes":""},"class_list":["post-6502","page","type-page","status-publish","hentry"],"yoast_head":"<!-- This site is optimized with the Yoast SEO plugin v27.5 - https:\/\/yoast.com\/product\/yoast-seo-wordpress\/ -->\n<title>Je suis une orchid\u00e9e, pas une rose - Spirituartiste<\/title>\n<meta name=\"robots\" content=\"index, follow, max-snippet:-1, max-image-preview:large, max-video-preview:-1\" \/>\n<link rel=\"canonical\" href=\"https:\/\/spirituartiste.com\/?page_id=6502\" \/>\n<meta property=\"og:locale\" content=\"fr_FR\" \/>\n<meta property=\"og:type\" content=\"article\" \/>\n<meta property=\"og:title\" content=\"Je suis une orchid\u00e9e, pas une rose - Spirituartiste\" \/>\n<meta property=\"og:description\" content=\"\u00a0 Je suis une orchid\u00e9e, pas une rose\u00a0! (Je ne peux pas \u00eatre autre chose que ce que je suis d\u00e9j\u00e0.) \u00c7a a \u00e9t\u00e9 la grande r\u00e9v\u00e9lation ce matin en regardant l&rsquo;orchid\u00e9e qui tr\u00f4nesur mon chevet.Elle est magnifique cette orchid\u00e9e. Je l&rsquo;aime et l&rsquo;appr\u00e9cie pour sa beaut\u00e9d&rsquo;orchid\u00e9e. Certain n&rsquo;aiment pas les orchid\u00e9es, ils pr\u00e9f\u00e8rent les [&hellip;]\" \/>\n<meta property=\"og:url\" content=\"https:\/\/spirituartiste.com\/?page_id=6502\" \/>\n<meta property=\"og:site_name\" content=\"Spirituartiste\" \/>\n<meta property=\"article:modified_time\" content=\"2020-06-01T14:17:48+00:00\" \/>\n<meta property=\"og:image\" content=\"https:\/\/spirituartiste.com\/wp-content\/uploads\/2020\/01\/billionphotos-955208.jpg\" \/>\n<meta name=\"twitter:card\" content=\"summary_large_image\" \/>\n<meta name=\"twitter:label1\" content=\"Dur\u00e9e de lecture estim\u00e9e\" \/>\n\t<meta name=\"twitter:data1\" content=\"4 minutes\" \/>\n<script type=\"application\/ld+json\" class=\"yoast-schema-graph\">{\"@context\":\"https:\\\/\\\/schema.org\",\"@graph\":[{\"@type\":\"WebPage\",\"@id\":\"https:\\\/\\\/spirituartiste.com\\\/?page_id=6502\",\"url\":\"https:\\\/\\\/spirituartiste.com\\\/?page_id=6502\",\"name\":\"Je suis une orchid\u00e9e, pas une rose - Spirituartiste\",\"isPartOf\":{\"@id\":\"https:\\\/\\\/spirituartiste.com\\\/#website\"},\"primaryImageOfPage\":{\"@id\":\"https:\\\/\\\/spirituartiste.com\\\/?page_id=6502#primaryimage\"},\"image\":{\"@id\":\"https:\\\/\\\/spirituartiste.com\\\/?page_id=6502#primaryimage\"},\"thumbnailUrl\":\"https:\\\/\\\/spirituartiste.com\\\/wp-content\\\/uploads\\\/2020\\\/01\\\/billionphotos-955208.jpg\",\"datePublished\":\"2020-01-04T13:38:51+00:00\",\"dateModified\":\"2020-06-01T14:17:48+00:00\",\"breadcrumb\":{\"@id\":\"https:\\\/\\\/spirituartiste.com\\\/?page_id=6502#breadcrumb\"},\"inLanguage\":\"fr-FR\",\"potentialAction\":[{\"@type\":\"ReadAction\",\"target\":[\"https:\\\/\\\/spirituartiste.com\\\/?page_id=6502\"]}]},{\"@type\":\"ImageObject\",\"inLanguage\":\"fr-FR\",\"@id\":\"https:\\\/\\\/spirituartiste.com\\\/?page_id=6502#primaryimage\",\"url\":\"https:\\\/\\\/spirituartiste.com\\\/wp-content\\\/uploads\\\/2020\\\/01\\\/billionphotos-955208.jpg\",\"contentUrl\":\"https:\\\/\\\/spirituartiste.com\\\/wp-content\\\/uploads\\\/2020\\\/01\\\/billionphotos-955208.jpg\",\"width\":199,\"height\":300},{\"@type\":\"BreadcrumbList\",\"@id\":\"https:\\\/\\\/spirituartiste.com\\\/?page_id=6502#breadcrumb\",\"itemListElement\":[{\"@type\":\"ListItem\",\"position\":1,\"name\":\"Accueil\",\"item\":\"https:\\\/\\\/spirituartiste.com\\\/\"},{\"@type\":\"ListItem\",\"position\":2,\"name\":\"Ressources\",\"item\":\"https:\\\/\\\/spirituartiste.com\\\/?page_id=6495\"},{\"@type\":\"ListItem\",\"position\":3,\"name\":\"Billets philosophiques\",\"item\":\"https:\\\/\\\/spirituartiste.com\\\/?page_id=6501\"},{\"@type\":\"ListItem\",\"position\":4,\"name\":\"Je suis une orchid\u00e9e, pas une rose\"}]},{\"@type\":\"WebSite\",\"@id\":\"https:\\\/\\\/spirituartiste.com\\\/#website\",\"url\":\"https:\\\/\\\/spirituartiste.com\\\/\",\"name\":\"Spirituartiste\",\"description\":\"Sandrine L\u00e9ger\",\"publisher\":{\"@id\":\"https:\\\/\\\/spirituartiste.com\\\/#\\\/schema\\\/person\\\/9862bc39ecd45c4272d890f918eadb47\"},\"potentialAction\":[{\"@type\":\"SearchAction\",\"target\":{\"@type\":\"EntryPoint\",\"urlTemplate\":\"https:\\\/\\\/spirituartiste.com\\\/?s={search_term_string}\"},\"query-input\":{\"@type\":\"PropertyValueSpecification\",\"valueRequired\":true,\"valueName\":\"search_term_string\"}}],\"inLanguage\":\"fr-FR\"},{\"@type\":[\"Person\",\"Organization\"],\"@id\":\"https:\\\/\\\/spirituartiste.com\\\/#\\\/schema\\\/person\\\/9862bc39ecd45c4272d890f918eadb47\",\"name\":\"Sandrine_leger2018\",\"image\":{\"@type\":\"ImageObject\",\"inLanguage\":\"fr-FR\",\"@id\":\"https:\\\/\\\/spirituartiste.com\\\/wp-content\\\/uploads\\\/2023\\\/02\\\/cropped-site-spirituartiste.png\",\"url\":\"https:\\\/\\\/spirituartiste.com\\\/wp-content\\\/uploads\\\/2023\\\/02\\\/cropped-site-spirituartiste.png\",\"contentUrl\":\"https:\\\/\\\/spirituartiste.com\\\/wp-content\\\/uploads\\\/2023\\\/02\\\/cropped-site-spirituartiste.png\",\"width\":152,\"height\":153,\"caption\":\"Sandrine_leger2018\"},\"logo\":{\"@id\":\"https:\\\/\\\/spirituartiste.com\\\/wp-content\\\/uploads\\\/2023\\\/02\\\/cropped-site-spirituartiste.png\"},\"sameAs\":[\"http:\\\/\\\/spirituartiste.com\"]}]}<\/script>\n<!-- \/ Yoast SEO plugin. -->","yoast_head_json":{"title":"Je suis une orchid\u00e9e, pas une rose - Spirituartiste","robots":{"index":"index","follow":"follow","max-snippet":"max-snippet:-1","max-image-preview":"max-image-preview:large","max-video-preview":"max-video-preview:-1"},"canonical":"https:\/\/spirituartiste.com\/?page_id=6502","og_locale":"fr_FR","og_type":"article","og_title":"Je suis une orchid\u00e9e, pas une rose - Spirituartiste","og_description":"\u00a0 Je suis une orchid\u00e9e, pas une rose\u00a0! (Je ne peux pas \u00eatre autre chose que ce que je suis d\u00e9j\u00e0.) \u00c7a a \u00e9t\u00e9 la grande r\u00e9v\u00e9lation ce matin en regardant l&rsquo;orchid\u00e9e qui tr\u00f4nesur mon chevet.Elle est magnifique cette orchid\u00e9e. Je l&rsquo;aime et l&rsquo;appr\u00e9cie pour sa beaut\u00e9d&rsquo;orchid\u00e9e. Certain n&rsquo;aiment pas les orchid\u00e9es, ils pr\u00e9f\u00e8rent les [&hellip;]","og_url":"https:\/\/spirituartiste.com\/?page_id=6502","og_site_name":"Spirituartiste","article_modified_time":"2020-06-01T14:17:48+00:00","og_image":[{"url":"https:\/\/spirituartiste.com\/wp-content\/uploads\/2020\/01\/billionphotos-955208.jpg","type":"","width":"","height":""}],"twitter_card":"summary_large_image","twitter_misc":{"Dur\u00e9e de lecture estim\u00e9e":"4 minutes"},"schema":{"@context":"https:\/\/schema.org","@graph":[{"@type":"WebPage","@id":"https:\/\/spirituartiste.com\/?page_id=6502","url":"https:\/\/spirituartiste.com\/?page_id=6502","name":"Je suis une orchid\u00e9e, pas une rose - Spirituartiste","isPartOf":{"@id":"https:\/\/spirituartiste.com\/#website"},"primaryImageOfPage":{"@id":"https:\/\/spirituartiste.com\/?page_id=6502#primaryimage"},"image":{"@id":"https:\/\/spirituartiste.com\/?page_id=6502#primaryimage"},"thumbnailUrl":"https:\/\/spirituartiste.com\/wp-content\/uploads\/2020\/01\/billionphotos-955208.jpg","datePublished":"2020-01-04T13:38:51+00:00","dateModified":"2020-06-01T14:17:48+00:00","breadcrumb":{"@id":"https:\/\/spirituartiste.com\/?page_id=6502#breadcrumb"},"inLanguage":"fr-FR","potentialAction":[{"@type":"ReadAction","target":["https:\/\/spirituartiste.com\/?page_id=6502"]}]},{"@type":"ImageObject","inLanguage":"fr-FR","@id":"https:\/\/spirituartiste.com\/?page_id=6502#primaryimage","url":"https:\/\/spirituartiste.com\/wp-content\/uploads\/2020\/01\/billionphotos-955208.jpg","contentUrl":"https:\/\/spirituartiste.com\/wp-content\/uploads\/2020\/01\/billionphotos-955208.jpg","width":199,"height":300},{"@type":"BreadcrumbList","@id":"https:\/\/spirituartiste.com\/?page_id=6502#breadcrumb","itemListElement":[{"@type":"ListItem","position":1,"name":"Accueil","item":"https:\/\/spirituartiste.com\/"},{"@type":"ListItem","position":2,"name":"Ressources","item":"https:\/\/spirituartiste.com\/?page_id=6495"},{"@type":"ListItem","position":3,"name":"Billets philosophiques","item":"https:\/\/spirituartiste.com\/?page_id=6501"},{"@type":"ListItem","position":4,"name":"Je suis une orchid\u00e9e, pas une rose"}]},{"@type":"WebSite","@id":"https:\/\/spirituartiste.com\/#website","url":"https:\/\/spirituartiste.com\/","name":"Spirituartiste","description":"Sandrine L\u00e9ger","publisher":{"@id":"https:\/\/spirituartiste.com\/#\/schema\/person\/9862bc39ecd45c4272d890f918eadb47"},"potentialAction":[{"@type":"SearchAction","target":{"@type":"EntryPoint","urlTemplate":"https:\/\/spirituartiste.com\/?s={search_term_string}"},"query-input":{"@type":"PropertyValueSpecification","valueRequired":true,"valueName":"search_term_string"}}],"inLanguage":"fr-FR"},{"@type":["Person","Organization"],"@id":"https:\/\/spirituartiste.com\/#\/schema\/person\/9862bc39ecd45c4272d890f918eadb47","name":"Sandrine_leger2018","image":{"@type":"ImageObject","inLanguage":"fr-FR","@id":"https:\/\/spirituartiste.com\/wp-content\/uploads\/2023\/02\/cropped-site-spirituartiste.png","url":"https:\/\/spirituartiste.com\/wp-content\/uploads\/2023\/02\/cropped-site-spirituartiste.png","contentUrl":"https:\/\/spirituartiste.com\/wp-content\/uploads\/2023\/02\/cropped-site-spirituartiste.png","width":152,"height":153,"caption":"Sandrine_leger2018"},"logo":{"@id":"https:\/\/spirituartiste.com\/wp-content\/uploads\/2023\/02\/cropped-site-spirituartiste.png"},"sameAs":["http:\/\/spirituartiste.com"]}]}},"_links":{"self":[{"href":"https:\/\/spirituartiste.com\/index.php?rest_route=\/wp\/v2\/pages\/6502","targetHints":{"allow":["GET"]}}],"collection":[{"href":"https:\/\/spirituartiste.com\/index.php?rest_route=\/wp\/v2\/pages"}],"about":[{"href":"https:\/\/spirituartiste.com\/index.php?rest_route=\/wp\/v2\/types\/page"}],"author":[{"embeddable":true,"href":"https:\/\/spirituartiste.com\/index.php?rest_route=\/wp\/v2\/users\/1"}],"replies":[{"embeddable":true,"href":"https:\/\/spirituartiste.com\/index.php?rest_route=%2Fwp%2Fv2%2Fcomments&post=6502"}],"version-history":[{"count":4,"href":"https:\/\/spirituartiste.com\/index.php?rest_route=\/wp\/v2\/pages\/6502\/revisions"}],"predecessor-version":[{"id":7193,"href":"https:\/\/spirituartiste.com\/index.php?rest_route=\/wp\/v2\/pages\/6502\/revisions\/7193"}],"up":[{"embeddable":true,"href":"https:\/\/spirituartiste.com\/index.php?rest_route=\/wp\/v2\/pages\/6501"}],"wp:attachment":[{"href":"https:\/\/spirituartiste.com\/index.php?rest_route=%2Fwp%2Fv2%2Fmedia&parent=6502"}],"curies":[{"name":"wp","href":"https:\/\/api.w.org\/{rel}","templated":true}]}}